{"id":16,"date":"2021-01-05T14:01:45","date_gmt":"2021-01-05T13:01:45","guid":{"rendered":"http:\/\/www.vizapro.cz\/?page_id=16"},"modified":"2025-08-27T13:13:08","modified_gmt":"2025-08-27T12:13:08","slug":"home","status":"publish","type":"page","link":"https:\/\/www.vizapro.cz\/","title":{"rendered":"V\u00edza a povolen\u00ed"},"content":{"rendered":"\n<div class=\"wp-block-ps2id-block-target\" id=\"Viza-a-povoleni\"><\/div>\n\n\n<a id=\"section-1\"><\/a>\n\n\n\n<div class=\"wp-block-group\"><div class=\"wp-block-group__inner-container is-layout-flow wp-block-group-is-layout-flow\">\n<p class=\"wp-block-paragraph\">Vy\u0159\u00edd\u00edme za V\u00e1s \u010desk\u00e1 v\u00edza a povolen\u00ed pro Va\u0161e zahrani\u010dn\u00ed zam\u011bstnance. Na\u0161e zna\u010dka je <strong>rychle a za rozumnou cenu<\/strong>. <\/p>\n\n\n\n<p class=\"wp-block-paragraph\">Jsme odborn\u00edci v&nbsp;problematice pobytu cizinc\u016f v&nbsp;\u010cesk\u00e9 republice s&nbsp;v\u00edce jak 8letou zku\u0161enost\u00ed, kte\u0159\u00ed jsou p\u0159ipraveni V\u00e1m pomoci s celou procedurou \u2013 od zji\u0161t\u011bn\u00ed v\u00edzov\u00fdch mo\u017enost\u00ed pro Va\u0161e pracovn\u00edky a\u017e po jejich samotn\u00e9 vy\u0159\u00edzen\u00ed. Je libo <strong>zam\u011bstnaneck\u00e1 karta, <strong>dlouhodob\u00e9 v\u00edzum<\/strong><\/strong>, <strong>povolen\u00ed <\/strong>k dlouhodob\u00e9mu pobytu za <strong>\u00fa\u010delem slou\u010den\u00ed rodiny \u010di trval\u00fd pobyt <\/strong>? Samoz\u0159ejmost\u00ed je i \u0159e\u0161en\u00ed povolen\u00ed p\u0159es vl\u00e1dn\u00ed migra\u010dn\u00ed programy, nap\u0159. p\u0159es <strong>Program kvalifikovan\u00fd <\/strong>a vysoce kvalifikovan\u00fd <strong>zam\u011bstnanec <\/strong>(b\u00fdval\u00fd <strong>Re\u017eim Ukrajina<\/strong>) \u010di Program <strong>mimo\u0159\u00e1dn\u00e1 pracovn\u00ed v\u00edza <\/strong>v sektoru zem\u011bd\u011blstv\u00ed, potravin\u00e1\u0159stv\u00ed a lesnictv\u00ed. Tak\u00e9 V\u00e1m pom\u016f\u017eeme s <strong>prodlou\u017een\u00edm povolen\u00ed \u010di zm\u011bnou zam\u011bstnavatele u zam\u011bstnaneck\u00e9 karty<\/strong> nebo <strong>p\u0159edchodn\u00fdm pobytem <\/strong>pro <strong>rodinn\u00e9ho p\u0159\u00edslu\u0161n\u00edka ob\u010dana st\u00e1tu EU<\/strong>.<\/p>\n<\/div><\/div>\n\n\n\n","protected":false},"excerpt":{"rendered":"<p>Vy\u0159\u00edd\u00edme za V\u00e1s \u010desk\u00e1 v\u00edza a povolen\u00ed pro Va\u0161e zahrani\u010dn\u00ed zam\u011bstnance. Na\u0161e zna\u010dka je rychle a za rozumnou cenu. Jsme odborn\u00edci v&nbsp;problematice pobytu cizinc\u016f v&nbsp;\u010cesk\u00e9 republice s&nbsp;v\u00edce jak 8letou zku\u0161enost\u00ed, kte\u0159\u00ed jsou p\u0159ipraveni V\u00e1m pomoci s celou procedurou \u2013 od zji\u0161t\u011bn\u00ed v\u00edzov\u00fdch mo\u017enost\u00ed pro Va\u0161e pracovn\u00edky a\u017e po jejich samotn\u00e9 vy\u0159\u00edzen\u00ed. Je libo zam\u011bstnaneck\u00e1 karta, &hellip; <\/p>\n<p class=\"link-more\"><a href=\"https:\/\/www.vizapro.cz\/\" class=\"more-link\">Continue reading<span class=\"screen-reader-text\"> &#8220;V\u00edza a povolen\u00ed&#8221;<\/span><\/a><\/p>\n","protected":false},"author":1,"featured_media":0,"parent":0,"menu_order":0,"comment_status":"closed","ping_status":"closed","template":"","meta":{"om_disable_all_campaigns":false,"_monsterinsights_skip_tracking":false,"_uf_show_specific_survey":0,"_uf_disable_surveys":false,"footnotes":""},"class_list":["post-16","page","type-page","status-publish","hentry"],"aioseo_notices":[],"_links":{"self":[{"href":"https:\/\/www.vizapro.cz\/index.php\/wp-json\/wp\/v2\/pages\/16","targetHints":{"allow":["GET"]}}],"collection":[{"href":"https:\/\/www.vizapro.cz\/index.php\/wp-json\/wp\/v2\/pages"}],"about":[{"href":"https:\/\/www.vizapro.cz\/index.php\/wp-json\/wp\/v2\/types\/page"}],"author":[{"embeddable":true,"href":"https:\/\/www.vizapro.cz\/index.php\/wp-json\/wp\/v2\/users\/1"}],"replies":[{"embeddable":true,"href":"https:\/\/www.vizapro.cz\/index.php\/wp-json\/wp\/v2\/comments?post=16"}],"version-history":[{"count":29,"href":"https:\/\/www.vizapro.cz\/index.php\/wp-json\/wp\/v2\/pages\/16\/revisions"}],"predecessor-version":[{"id":2625,"href":"https:\/\/www.vizapro.cz\/index.php\/wp-json\/wp\/v2\/pages\/16\/revisions\/2625"}],"wp:attachment":[{"href":"https:\/\/www.vizapro.cz\/index.php\/wp-json\/wp\/v2\/media?parent=16"}],"curies":[{"name":"wp","href":"https:\/\/api.w.org\/{rel}","templated":true}]}}

Víza a povolení

<div class="wp-block-ps2id-block-target" id="Viza-a-povoleni"></div>


<a id="section-1"></a>



<div class="wp-block-group"><div class="wp-block-group__inner-container is-layout-flow wp-block-group-is-layout-flow">
<p class="wp-block-paragraph">Vyřídíme za Vás česká víza a povolení pro Vaše zahraniční zaměstnance. Naše značka je <strong>rychle a za rozumnou cenu</strong>. </p>



<p class="wp-block-paragraph">Jsme odborníci v&nbsp;problematice pobytu cizinců v&nbsp;České republice s&nbsp;více jak 8letou zkušeností, kteří jsou připraveni Vám pomoci s celou procedurou – od zjištění vízových možností pro Vaše pracovníky až po jejich samotné vyřízení. Je libo <strong>zaměstnanecká karta, <strong>dlouhodobé vízum</strong></strong>, <strong>povolení </strong>k dlouhodobému pobytu za <strong>účelem sloučení rodiny či trvalý pobyt </strong>? Samozřejmostí je i řešení povolení přes vládní migrační programy, např. přes <strong>Program kvalifikovaný </strong>a vysoce kvalifikovaný <strong>zaměstnanec </strong>(bývalý <strong>Režim Ukrajina</strong>) či Program <strong>mimořádná pracovní víza </strong>v sektoru zemědělství, potravinářství a lesnictví. Také Vám pomůžeme s <strong>prodloužením povolení či změnou zaměstnavatele u zaměstnanecké karty</strong> nebo <strong>předchodným pobytem </strong>pro <strong>rodinného příslušníka občana státu EU</strong>.</p>
</div></div>

<p>Vyřídíme za Vás česká víza a povolení pro Vaše zahraniční zaměstnance. Naše značka je rychle a za rozumnou cenu. Jsme odborníci v&nbsp;problematice pobytu cizinců v&nbsp;České republice s&nbsp;více jak 8letou zkušeností, kteří jsou připraveni Vám pomoci s celou procedurou – od zjištění vízových možností pro Vaše pracovníky až po jejich samotné vyřízení. Je libo zaměstnanecká karta, &hellip; </p>
<p class="link-more"><a href="https://www.vizapro.cz/" class="more-link">Continue reading<span class="screen-reader-text"> &#8220;Víza a povolení&#8221;</span></a></p>
